{"id":449,"date":"2024-09-27T11:28:17","date_gmt":"2024-09-27T11:28:17","guid":{"rendered":"https:\/\/historiskforeninghbh.dk\/?page_id=449"},"modified":"2026-01-21T17:31:59","modified_gmt":"2026-01-21T17:31:59","slug":"nyt-fra-ehf","status":"publish","type":"page","link":"https:\/\/historiskforeninghbh.dk\/index.php\/nyt-fra-ehf\/","title":{"rendered":"Nyt fra EHF"},"content":{"rendered":"\n<p>Nyt fra EHF var navnet p\u00e5 det lille blad, foreningen begyndte at udsende samtidig med sin stiftelse i 1976.<br>Der er ikke udarbejdet nogen registratur over bladets indhold, hvoraf meget naturligvis kun har v\u00e6ret af interesse p\u00e5 det p\u00e5g\u00e6ldende tidspunkt.<br>Ved foreningens 10 \u00e5rs jubil\u00e6um i 1986 udsendtes et jubil\u00e6umsskrift, der indeholdt de v\u00e6sentligste artikler af mere blivende v\u00e6rdi.<br>Ved 25 \u00e5rs jubil\u00e6et i 2001 udsendtes et tilsvarende jubil\u00e6umsskrift for de forl\u00f8bne 25 \u00e5r, nu suppleret med en fortegnelse over foreningens publikationer og prisuddelinger.<br>De to jubil\u00e6umsskrifter findes p\u00e5 lokalarkivet og biblioteket.<br>Fra 2006 indgik foreningen i et bladsamarbejde med Lejre Historiske Forening, s\u00e5ledes at de to foreningers blade blev lagt sammen under navnet Lethrica.<br>Dette blads tidligere udgaver kan ses p\u00e5 Lejre Historiske Forenings hjemmeside.<\/p>\n\n\n\n<p><strong>Vi vil s\u00e6rligt fremh\u00e6ve:<\/strong><\/p>\n\n\n\n<p>2002<br>1. Foreningens historie, Helmuth Larsens bog Hvals\u00f8 Bymidte, \u00c5rets Pris til Ib og Grethe Theil Knudsen, Gundestedg\u00e5rd<br>2 .Valborgaften<br>3. Kildeb\u00e6kg\u00e5rd , Hvals\u00f8s fotograf Kristian Poulsen<br>4 .Louis p\u00e5 Lyngen<br>5. Hvor l\u00e5 det gamle \u00c5strup<\/p>\n\n\n\n<p>2003<br>1. Frederik Wilhelm Dannemand, \u201dGamle klude\u201d, Levende fortidsminder I<br>2. Friheds Minde, Levende fortidsminder II<br>3. Levende fortidsminder III<br>4. Slut p\u00e5 Den gamle Egs epoke, Gundestedg\u00e5rds historie, Tolstrups historie<\/p>\n\n\n\n<p>2004<br>1. Levende fortidsminder IV<br>2. \u00c5rets Pris til Erik og Irene J\u00f8rgensen, Sams\u00f8vej 2 Kirke S\u00e5by<br>3. Vilde l\u00e6geplanter<br>4. De higer og s\u00f8ger \u2013 i gamle b\u00f8ger. Blandt dem Roskildebispens jordeb\u00f8ger I<br>5. Sonnerupg\u00e5rd<br><br>2005<br>1. Roskildebispens jordeb\u00f8ger<br>2. Da pr\u00e6sten m\u00e5tte i retten<br>3. Holl\u00e6nderne, Hvals\u00f8 som familienavn<br>4. Roskilde Kapitels Jordebog II<\/p>\n\n\n\n<p><a href=\"https:\/\/historiskforeninghbh.dk\/wp-content\/uploads\/2024\/09\/Nyt_fra_EHF_jan02.pdf\">Januar 2002<\/a><\/p>\n\n\n\n<p><a href=\"https:\/\/historiskforeninghbh.dk\/wp-content\/uploads\/2024\/09\/Nyt_fra_EHF_april02.pdf\">April 2002<\/a><\/p>\n\n\n\n<p><a href=\"https:\/\/historiskforeninghbh.dk\/wp-content\/uploads\/2024\/09\/Nyt_fra_EHF_maj02.pdf\">Maj 2002<\/a><\/p>\n\n\n\n<p><a href=\"https:\/\/historiskforeninghbh.dk\/wp-content\/uploads\/2024\/09\/Nyt_fra_EHF_aug02.pdf\">August 2002<\/a><\/p>\n\n\n\n<p><a href=\"https:\/\/historiskforeninghbh.dk\/wp-content\/uploads\/2024\/09\/Nyt_fra_EHF_okt02.pdf\">Oktober 2002<\/a><\/p>\n\n\n\n<p><a href=\"https:\/\/historiskforeninghbh.dk\/wp-content\/uploads\/2024\/09\/Nyt_fra_EHF_feb03.pdf\">Februar 2003<\/a><\/p>\n\n\n\n<p><a href=\"https:\/\/historiskforeninghbh.dk\/wp-content\/uploads\/2024\/09\/Nyt_fra_EHF_april03.pdf\">April 2003<\/a><\/p>\n\n\n\n<p><a href=\"https:\/\/historiskforeninghbh.dk\/wp-content\/uploads\/2024\/09\/Nyt_fra_EHF_aug03.pdf\">August 2003<\/a><\/p>\n\n\n\n<p><a href=\"https:\/\/historiskforeninghbh.dk\/wp-content\/uploads\/2024\/09\/Nyt_fra_EHF_nov03.pdf\">November 2003<\/a><\/p>\n\n\n\n<p><a href=\"https:\/\/historiskforeninghbh.dk\/wp-content\/uploads\/2024\/09\/Nyt_fra_EHF_jan04.pdf\">Januar 2004<\/a><\/p>\n\n\n\n<p><a href=\"https:\/\/historiskforeninghbh.dk\/wp-content\/uploads\/2024\/09\/Nyt_fra_EHF_feb04.pdf\">Februar 2004<\/a><\/p>\n\n\n\n<p><a href=\"https:\/\/historiskforeninghbh.dk\/wp-content\/uploads\/2024\/09\/Nyt_fra_EHF_april04.pdf\">April 2004<\/a><\/p>\n\n\n\n<p><a href=\"https:\/\/historiskforeninghbh.dk\/wp-content\/uploads\/2024\/09\/Nyt_fra_EHF_aug04.pdf\">August 2004<\/a><\/p>\n\n\n\n<p><a href=\"https:\/\/historiskforeninghbh.dk\/wp-content\/uploads\/2024\/09\/Nyt_fra_EHF_dec04.pdf\">December 2004<\/a><\/p>\n\n\n\n<p><a href=\"https:\/\/historiskforeninghbh.dk\/wp-content\/uploads\/2024\/09\/Nyt_fra_EHF_jan05.pdf\">Januar 2005<\/a><\/p>\n\n\n\n<p><a href=\"https:\/\/historiskforeninghbh.dk\/wp-content\/uploads\/2024\/09\/Nyt_fra_EHF_april05.pdf\">April 2005<\/a><\/p>\n\n\n\n<p><a href=\"https:\/\/historiskforeninghbh.dk\/wp-content\/uploads\/2024\/09\/Nyt_fra_EHF_okt05.pdf\">Oktober 2005<\/a><\/p>\n\n\n\n<p><a href=\"https:\/\/historiskforeninghbh.dk\/wp-content\/uploads\/2024\/09\/Nyt_fra_EHF_dec05.pdf\">December 2005<\/a><\/p>\n\n\n\n<p><\/p>\n\n\n\n<p><\/p>\n\n\n\n<p><\/p>\n","protected":false},"excerpt":{"rendered":"<p>Nyt fra EHF var navnet p\u00e5 det lille blad, foreningen begyndte at udsende samtidig med sin stiftelse i 1976.Der er ikke udarbejdet nogen registratur over&hellip;<\/p>\n","protected":false},"author":1,"featured_media":0,"parent":0,"menu_order":0,"comment_status":"closed","ping_status":"closed","template":"","meta":{"footnotes":""},"class_list":["post-449","page","type-page","status-publish","hentry"],"_links":{"self":[{"href":"https:\/\/historiskforeninghbh.dk\/index.php\/wp-json\/wp\/v2\/pages\/449","targetHints":{"allow":["GET"]}}],"collection":[{"href":"https:\/\/historiskforeninghbh.dk\/index.php\/wp-json\/wp\/v2\/pages"}],"about":[{"href":"https:\/\/historiskforeninghbh.dk\/index.php\/wp-json\/wp\/v2\/types\/page"}],"author":[{"embeddable":true,"href":"https:\/\/historiskforeninghbh.dk\/index.php\/wp-json\/wp\/v2\/users\/1"}],"replies":[{"embeddable":true,"href":"https:\/\/historiskforeninghbh.dk\/index.php\/wp-json\/wp\/v2\/comments?post=449"}],"version-history":[{"count":24,"href":"https:\/\/historiskforeninghbh.dk\/index.php\/wp-json\/wp\/v2\/pages\/449\/revisions"}],"predecessor-version":[{"id":957,"href":"https:\/\/historiskforeninghbh.dk\/index.php\/wp-json\/wp\/v2\/pages\/449\/revisions\/957"}],"wp:attachment":[{"href":"https:\/\/historiskforeninghbh.dk\/index.php\/wp-json\/wp\/v2\/media?parent=449"}],"curies":[{"name":"wp","href":"https:\/\/api.w.org\/{rel}","templated":true}]}}