{"id":298,"date":"2024-09-26T17:38:09","date_gmt":"2024-09-26T17:38:09","guid":{"rendered":"https:\/\/historiskforeninghbh.dk\/?page_id=298"},"modified":"2024-10-24T09:16:56","modified_gmt":"2024-10-24T09:16:56","slug":"stormene-allan-og-bodil-2013","status":"publish","type":"page","link":"https:\/\/historiskforeninghbh.dk\/index.php\/stormene-allan-og-bodil-2013\/","title":{"rendered":"Stormene Allan og Bodil 2013"},"content":{"rendered":"\n<p>Tekst og fotos: Bent Gottfredsen<\/p>\n\n\n\n<p><strong>Stormen Allan<\/strong>&nbsp;var en ret kortvarig storm, der rasede den 27. og 28. oktober 2013. Mange tr\u00e6er blev skadet eller v\u00e6ltet. Det g\u00e6lder ogs\u00e5 Datob\u00f8gen i Bjergskov. Den havde i mere end 150 \u00e5r f\u00e5et sk\u00e5ret i barken datoer for, hvorn\u00e5r den sprang ud, og det siges, at det var den f\u00f8rste b\u00f8g, der sprang ud p\u00e5 Midtsj\u00e6lland. Den blev n\u00e6sten 250 \u00e5r gammel.<\/p>\n\n\n<div class=\"wp-block-image\">\n<figure class=\"aligncenter size-full\"><img loading=\"lazy\" decoding=\"async\" width=\"400\" height=\"587\" src=\"https:\/\/historiskforeninghbh.dk\/wp-content\/uploads\/2024\/09\/Allan2013_1_ny_400.jpg\" alt=\"\" class=\"wp-image-421\" srcset=\"https:\/\/historiskforeninghbh.dk\/wp-content\/uploads\/2024\/09\/Allan2013_1_ny_400.jpg 400w, https:\/\/historiskforeninghbh.dk\/wp-content\/uploads\/2024\/09\/Allan2013_1_ny_400-204x300.jpg 204w\" sizes=\"auto, (max-width: 400px) 100vw, 400px\" \/><figcaption class=\"wp-element-caption\">Datob\u00f8gen f\u00f8r stormens h\u00e6rgen. Alder ca. 250 \u00e5r!<\/figcaption><\/figure>\n<\/div>\n\n\n<p><\/p>\n\n\n\n<p>Det gik ogs\u00e5 ud over et tr\u00e6 ved Tadre M\u00f8lle:<\/p>\n\n\n<div class=\"wp-block-image\">\n<figure class=\"aligncenter size-full\"><img loading=\"lazy\" decoding=\"async\" width=\"600\" height=\"402\" src=\"https:\/\/historiskforeninghbh.dk\/wp-content\/uploads\/2024\/09\/Allan2013_9_ny_600.jpg\" alt=\"\" class=\"wp-image-423\" srcset=\"https:\/\/historiskforeninghbh.dk\/wp-content\/uploads\/2024\/09\/Allan2013_9_ny_600.jpg 600w, https:\/\/historiskforeninghbh.dk\/wp-content\/uploads\/2024\/09\/Allan2013_9_ny_600-300x201.jpg 300w\" sizes=\"auto, (max-width: 600px) 100vw, 600px\" \/><figcaption class=\"wp-element-caption\">Den store rod v\u00e6lter ved Tadre M\u00f8lle<\/figcaption><\/figure>\n<\/div>\n\n\n<p><strong>Stormen Bodil&nbsp;<\/strong>ramte den 4. \u2013 7. december med vindst\u00f8d af orkanstyrke. Der var risiko for stormflod med oversv\u00f8mmelser. Det fik vi at m\u00e6rke, bl.a. ved Ejby havn. Havnen blev lukket p\u00e5 grund af vand.<\/p>\n\n\n\n<figure class=\"wp-block-gallery has-nested-images columns-default is-cropped wp-block-gallery-1 is-layout-flex wp-block-gallery-is-layout-flex\">\n<figure class=\"wp-block-image size-large\"><img loading=\"lazy\" decoding=\"async\" width=\"600\" height=\"395\" data-id=\"424\" src=\"https:\/\/historiskforeninghbh.dk\/wp-content\/uploads\/2024\/09\/Bodil_Ejby_havn_1_ny_600.jpg\" alt=\"\" class=\"wp-image-424\" srcset=\"https:\/\/historiskforeninghbh.dk\/wp-content\/uploads\/2024\/09\/Bodil_Ejby_havn_1_ny_600.jpg 600w, https:\/\/historiskforeninghbh.dk\/wp-content\/uploads\/2024\/09\/Bodil_Ejby_havn_1_ny_600-300x198.jpg 300w\" sizes=\"auto, (max-width: 600px) 100vw, 600px\" \/><figcaption class=\"wp-element-caption\">Ejby Havn<\/figcaption><\/figure>\n\n\n\n<figure class=\"wp-block-image size-large\"><img loading=\"lazy\" decoding=\"async\" width=\"600\" height=\"374\" data-id=\"426\" src=\"https:\/\/historiskforeninghbh.dk\/wp-content\/uploads\/2024\/09\/Bodil_Ejby_havn_10_ny_600.jpg\" alt=\"\" class=\"wp-image-426\" srcset=\"https:\/\/historiskforeninghbh.dk\/wp-content\/uploads\/2024\/09\/Bodil_Ejby_havn_10_ny_600.jpg 600w, https:\/\/historiskforeninghbh.dk\/wp-content\/uploads\/2024\/09\/Bodil_Ejby_havn_10_ny_600-300x187.jpg 300w\" sizes=\"auto, (max-width: 600px) 100vw, 600px\" \/><figcaption class=\"wp-element-caption\">Fiskeskure i vand<\/figcaption><\/figure>\n<\/figure>\n\n\n\n<p>Havet var h\u00e5rdt ved d\u00e6mningerne:<\/p>\n\n\n<div class=\"wp-block-image\">\n<figure class=\"aligncenter size-full\"><img loading=\"lazy\" decoding=\"async\" width=\"600\" height=\"407\" src=\"https:\/\/historiskforeninghbh.dk\/wp-content\/uploads\/2024\/09\/Bodil_Ejby_havn_5_ny_600.jpg\" alt=\"\" class=\"wp-image-425\" srcset=\"https:\/\/historiskforeninghbh.dk\/wp-content\/uploads\/2024\/09\/Bodil_Ejby_havn_5_ny_600.jpg 600w, https:\/\/historiskforeninghbh.dk\/wp-content\/uploads\/2024\/09\/Bodil_Ejby_havn_5_ny_600-300x204.jpg 300w\" sizes=\"auto, (max-width: 600px) 100vw, 600px\" \/><figcaption class=\"wp-element-caption\">Havet gnaver af d\u00e6mningen<\/figcaption><\/figure>\n<\/div>\n\n\n<p>Munkesten fra det gamle Asserholm viste sig at have indg\u00e5et i d\u00e6mningen over Tempelkrog:<\/p>\n\n\n<div class=\"wp-block-image\">\n<figure class=\"aligncenter size-full\"><img loading=\"lazy\" decoding=\"async\" width=\"600\" height=\"402\" src=\"https:\/\/historiskforeninghbh.dk\/wp-content\/uploads\/2024\/09\/tempelkrog-004_ny_600.jpg\" alt=\"\" class=\"wp-image-428\" srcset=\"https:\/\/historiskforeninghbh.dk\/wp-content\/uploads\/2024\/09\/tempelkrog-004_ny_600.jpg 600w, https:\/\/historiskforeninghbh.dk\/wp-content\/uploads\/2024\/09\/tempelkrog-004_ny_600-300x201.jpg 300w\" sizes=\"auto, (max-width: 600px) 100vw, 600px\" \/><figcaption class=\"wp-element-caption\">Munkesten fundet i omr\u00e5det<\/figcaption><\/figure>\n<\/div>","protected":false},"excerpt":{"rendered":"<p>Tekst og fotos: Bent Gottfredsen Stormen Allan&nbsp;var en ret kortvarig storm, der rasede den 27. og 28. oktober 2013. Mange tr\u00e6er blev skadet eller v\u00e6ltet.&hellip;<\/p>\n","protected":false},"author":1,"featured_media":0,"parent":0,"menu_order":0,"comment_status":"closed","ping_status":"closed","template":"","meta":{"footnotes":""},"class_list":["post-298","page","type-page","status-publish","hentry"],"_links":{"self":[{"href":"https:\/\/historiskforeninghbh.dk\/index.php\/wp-json\/wp\/v2\/pages\/298","targetHints":{"allow":["GET"]}}],"collection":[{"href":"https:\/\/historiskforeninghbh.dk\/index.php\/wp-json\/wp\/v2\/pages"}],"about":[{"href":"https:\/\/historiskforeninghbh.dk\/index.php\/wp-json\/wp\/v2\/types\/page"}],"author":[{"embeddable":true,"href":"https:\/\/historiskforeninghbh.dk\/index.php\/wp-json\/wp\/v2\/users\/1"}],"replies":[{"embeddable":true,"href":"https:\/\/historiskforeninghbh.dk\/index.php\/wp-json\/wp\/v2\/comments?post=298"}],"version-history":[{"count":11,"href":"https:\/\/historiskforeninghbh.dk\/index.php\/wp-json\/wp\/v2\/pages\/298\/revisions"}],"predecessor-version":[{"id":578,"href":"https:\/\/historiskforeninghbh.dk\/index.php\/wp-json\/wp\/v2\/pages\/298\/revisions\/578"}],"wp:attachment":[{"href":"https:\/\/historiskforeninghbh.dk\/index.php\/wp-json\/wp\/v2\/media?parent=298"}],"curies":[{"name":"wp","href":"https:\/\/api.w.org\/{rel}","templated":true}]}}